{"id":2099,"date":"2023-05-02T20:50:14","date_gmt":"2023-05-02T20:50:14","guid":{"rendered":"https:\/\/lucrumtrust.ao\/?page_id=2099"},"modified":"2023-06-09T12:17:04","modified_gmt":"2023-06-09T12:17:04","slug":"acoes","status":"publish","type":"page","link":"https:\/\/lucrumtrust.ao\/index.php\/acoes\/","title":{"rendered":"Ac\u00e7\u00f5es"},"content":{"rendered":"\t\t<div data-elementor-type=\"wp-page\" data-elementor-id=\"2099\" class=\"elementor elementor-2099\" data-elementor-settings=\"{&quot;ha_cmc_init_switcher&quot;:&quot;no&quot;}\">\n\t\t\t\t\t\t<header class=\"elementor-section elementor-top-section elementor-element elementor-element-2d48be08 elementor-section-height-min-height elementor-section-content-middle elementor-section-full_width elementor-section-height-default elementor-section-items-middle wpr-particle-no wpr-jarallax-no wpr-parallax-no wpr-sticky-section-no wpr-equal-height-no\" data-id=\"2d48be08\" data-element_type=\"section\" data-e-type=\"section\" data-settings=\"{&quot;background_background&quot;:&quot;classic&quot;,&quot;_ha_eqh_enable&quot;:false}\">\n\t\t\t\t\t\t\t<div class=\"elementor-background-overlay\"><\/div>\n\t\t\t\t\t\t\t<div class=\"elementor-container elementor-column-gap-default\">\n\t\t\t\t\t<div class=\"elementor-column elementor-col-100 elementor-top-column elementor-element elementor-element-65fb7aea\" data-id=\"65fb7aea\" data-element_type=\"column\" data-e-type=\"column\">\n\t\t\t<div class=\"elementor-widget-wrap elementor-element-populated\">\n\t\t\t\t\t\t<div class=\"elementor-element elementor-element-231aa6c0 wpr-fancy-text-rotate-1 wpr-advanced-text-style-animated wpr-animated-text-infinite-yes elementor-widget elementor-widget-wpr-advanced-text\" data-id=\"231aa6c0\" data-element_type=\"widget\" data-e-type=\"widget\" data-settings=\"{&quot;anim_loop&quot;:&quot;yes&quot;}\" data-widget_type=\"wpr-advanced-text.default\">\n\t\t\t\t<div class=\"elementor-widget-container\">\n\t\t\t\t\t\n\t\t<h3 class=\"wpr-advanced-text\">\n\n\t\t\t\t\t\n\t\t\t\t\t\t\t<span class=\"wpr-advanced-text-preffix\">Ac\u00e7\u00f5es<\/span>\n\t\t\t\n\t\t<span class=\"wpr-anim-text wpr-anim-text-type-rotate-1\" data-anim-duration=\"1000,2000\" data-anim-loop=\"yes\">\n\t\t\t<span class=\"wpr-anim-text-inner\">\n\t\t\t\t\t\t\t<\/span>\n\t\t\t\t\t<\/span>\n\n\t\t\t\t\n\t\t<\/h3>\n\t\t\n\t\t\t\t\t\t<\/div>\n\t\t\t\t<\/div>\n\t\t\t\t\t<\/div>\n\t\t<\/div>\n\t\t\t\t\t<\/div>\n\t\t<\/header>\n\t\t\t\t<section class=\"elementor-section elementor-top-section elementor-element elementor-element-3bc8928b elementor-reverse-tablet elementor-reverse-mobile elementor-section-boxed elementor-section-height-default elementor-section-height-default wpr-particle-no wpr-jarallax-no wpr-parallax-no wpr-sticky-section-no wpr-equal-height-no\" data-id=\"3bc8928b\" data-element_type=\"section\" data-e-type=\"section\" data-settings=\"{&quot;background_background&quot;:&quot;classic&quot;,&quot;_ha_eqh_enable&quot;:false}\">\n\t\t\t\t\t\t\t<div class=\"elementor-background-overlay\"><\/div>\n\t\t\t\t\t\t\t<div class=\"elementor-container elementor-column-gap-default\">\n\t\t\t\t\t<div class=\"elementor-column elementor-col-100 elementor-top-column elementor-element elementor-element-e8797aa\" data-id=\"e8797aa\" data-element_type=\"column\" data-e-type=\"column\" data-settings=\"{&quot;background_background&quot;:&quot;classic&quot;}\">\n\t\t\t<div class=\"elementor-widget-wrap elementor-element-populated\">\n\t\t\t\t\t\t<div class=\"elementor-element elementor-element-4e3f3513 elementor-widget elementor-widget-heading\" data-id=\"4e3f3513\" data-element_type=\"widget\" data-e-type=\"widget\" data-widget_type=\"heading.default\">\n\t\t\t\t<div class=\"elementor-widget-container\">\n\t\t\t\t\t<h5 class=\"elementor-heading-title elementor-size-default\">O que s\u00e3o Ac\u00e7\u00f5es ?<\/h5>\t\t\t\t<\/div>\n\t\t\t\t<\/div>\n\t\t\t\t<div class=\"elementor-element elementor-element-61f4aaba elementor-widget elementor-widget-text-editor\" data-id=\"61f4aaba\" data-element_type=\"widget\" data-e-type=\"widget\" data-widget_type=\"text-editor.default\">\n\t\t\t\t<div class=\"elementor-widget-container\">\n\t\t\t\t\t\t\t\t\t<p><img fetchpriority=\"high\" decoding=\"async\" class=\"size-medium wp-image-2045 aligncenter\" src=\"https:\/\/lucrumtrust.ao\/wp-content\/uploads\/2023\/05\/Captura-de-ecra-2023-05-02-as-16.13.03-300x168.png\" alt=\"\" width=\"300\" height=\"168\" srcset=\"https:\/\/lucrumtrust.ao\/wp-content\/uploads\/2023\/05\/Captura-de-ecra-2023-05-02-as-16.13.03-300x168.png 300w, https:\/\/lucrumtrust.ao\/wp-content\/uploads\/2023\/05\/Captura-de-ecra-2023-05-02-as-16.13.03-1024x573.png 1024w, https:\/\/lucrumtrust.ao\/wp-content\/uploads\/2023\/05\/Captura-de-ecra-2023-05-02-as-16.13.03-768x430.png 768w, https:\/\/lucrumtrust.ao\/wp-content\/uploads\/2023\/05\/Captura-de-ecra-2023-05-02-as-16.13.03.png 1112w\" sizes=\"(max-width: 300px) 100vw, 300px\" \/>Essencialmente, uma Ac\u00e7\u00e3o n\u00e3o \u00e9 mais do que uma prova (negoci\u00e1vel) de que \u00e9 propriet\u00e1rio de uma parte de uma empresa.<\/p>\t\t\t\t\t\t\t\t<\/div>\n\t\t\t\t<\/div>\n\t\t\t\t<div class=\"elementor-element elementor-element-32b61de2 elementor-widget elementor-widget-heading\" data-id=\"32b61de2\" data-element_type=\"widget\" data-e-type=\"widget\" data-widget_type=\"heading.default\">\n\t\t\t\t<div class=\"elementor-widget-container\">\n\t\t\t\t\t<h5 class=\"elementor-heading-title elementor-size-default\">Onde comprar uma Ac\u00e7\u00e3o?<\/h5>\t\t\t\t<\/div>\n\t\t\t\t<\/div>\n\t\t\t\t<div class=\"elementor-element elementor-element-345b5a29 elementor-widget elementor-widget-text-editor\" data-id=\"345b5a29\" data-element_type=\"widget\" data-e-type=\"widget\" data-widget_type=\"text-editor.default\">\n\t\t\t\t<div class=\"elementor-widget-container\">\n\t\t\t\t\t\t\t\t\t<p><img decoding=\"async\" class=\"wp-image-2046 aligncenter\" src=\"https:\/\/lucrumtrust.ao\/wp-content\/uploads\/2023\/05\/Captura-de-ecra-2023-05-02-as-16.13.13-300x132.png\" alt=\"\" width=\"395\" height=\"173\" srcset=\"https:\/\/lucrumtrust.ao\/wp-content\/uploads\/2023\/05\/Captura-de-ecra-2023-05-02-as-16.13.13-300x132.png 300w, https:\/\/lucrumtrust.ao\/wp-content\/uploads\/2023\/05\/Captura-de-ecra-2023-05-02-as-16.13.13-1024x450.png 1024w, https:\/\/lucrumtrust.ao\/wp-content\/uploads\/2023\/05\/Captura-de-ecra-2023-05-02-as-16.13.13-768x338.png 768w, https:\/\/lucrumtrust.ao\/wp-content\/uploads\/2023\/05\/Captura-de-ecra-2023-05-02-as-16.13.13.png 1438w\" sizes=\"(max-width: 395px) 100vw, 395px\" \/>Uma das principais vantagens de se tornar accionista de uma empresa \u00e9 poder se beneficiar de parte dos resultados que ela obtiver. Quando uma companhia aberta tem lucro, uma parcela dele \u00e9 distribu\u00edda aos s\u00f3cios na forma de dividendos, na propor\u00e7\u00e3o do n\u00famero de ac\u00e7\u00f5es que cada um possuir.<\/p>\n<p>O accionista pode ganhar ainda com a poss\u00edvel valoriza\u00e7\u00e3o do pre\u00e7o dos pap\u00e9is, que, al\u00e9m do desempenho financeiro da empresa, depende tamb\u00e9m das perspectivas para o sector em que ela actua e para a economia em geral.<\/p>\t\t\t\t\t\t\t\t<\/div>\n\t\t\t\t<\/div>\n\t\t\t\t<div class=\"elementor-element elementor-element-4292138c elementor-widget elementor-widget-heading\" data-id=\"4292138c\" data-element_type=\"widget\" data-e-type=\"widget\" data-widget_type=\"heading.default\">\n\t\t\t\t<div class=\"elementor-widget-container\">\n\t\t\t\t\t<h5 class=\"elementor-heading-title elementor-size-default\"><span style=\"font-size: 17.6px;font-weight: 500;letter-spacing: normal;text-align: justify\">A bolsa de valores \u00e9 o ambiente em que as compras e vendas de ac\u00e7\u00f5es acontecem de facto.&nbsp; \u00c9 nela que quem quer vender seus pap\u00e9is encontra quem quer compr\u00e1-los, por meio de sistemas sofisticados e processos padronizados passa assegurar transpar\u00eancia e liquidez ao mercado.<\/span><\/h5>\t\t\t\t<\/div>\n\t\t\t\t<\/div>\n\t\t\t\t<div class=\"elementor-element elementor-element-56cda92e elementor-widget elementor-widget-spacer\" data-id=\"56cda92e\" data-element_type=\"widget\" data-e-type=\"widget\" data-widget_type=\"spacer.default\">\n\t\t\t\t<div class=\"elementor-widget-container\">\n\t\t\t\t\t\t\t<div class=\"elementor-spacer\">\n\t\t\t<div class=\"elementor-spacer-inner\"><\/div>\n\t\t<\/div>\n\t\t\t\t\t\t<\/div>\n\t\t\t\t<\/div>\n\t\t\t\t<div class=\"elementor-element elementor-element-75ad6445 elementor-widget elementor-widget-spacer\" data-id=\"75ad6445\" data-element_type=\"widget\" data-e-type=\"widget\" data-widget_type=\"spacer.default\">\n\t\t\t\t<div class=\"elementor-widget-container\">\n\t\t\t\t\t\t\t<div class=\"elementor-spacer\">\n\t\t\t<div class=\"elementor-spacer-inner\"><\/div>\n\t\t<\/div>\n\t\t\t\t\t\t<\/div>\n\t\t\t\t<\/div>\n\t\t\t\t\t<\/div>\n\t\t<\/div>\n\t\t\t\t\t<\/div>\n\t\t<\/section>\n\t\t\t\t<\/div>\n\t\t","protected":false},"excerpt":{"rendered":"<p>Ac\u00e7\u00f5es O que s\u00e3o Ac\u00e7\u00f5es ? Essencialmente, uma Ac\u00e7\u00e3o n\u00e3o \u00e9 mais do que uma prova (negoci\u00e1vel) de que \u00e9 propriet\u00e1rio de uma parte de uma empresa. Onde comprar uma Ac\u00e7\u00e3o? Uma das principais vantagens de se tornar accionista de uma empresa \u00e9 poder se beneficiar de parte dos resultados que ela obtiver. Quando uma companhia aberta tem lucro, uma parcela dele \u00e9 distribu\u00edda aos s\u00f3cios na forma de dividendos, na propor\u00e7\u00e3o do n\u00famero de ac\u00e7\u00f5es que cada um possuir. O accionista pode ganhar ainda com a poss\u00edvel valoriza\u00e7\u00e3o do pre\u00e7o dos pap\u00e9is, que, al\u00e9m do desempenho financeiro da empresa, depende tamb\u00e9m das perspectivas para o sector em que ela actua e para a economia em geral. A bolsa de valores \u00e9 o ambiente em que as compras e vendas de ac\u00e7\u00f5es acontecem de facto.&nbsp; \u00c9 nela que quem quer vender seus pap\u00e9is encontra quem quer compr\u00e1-los, por meio de sistemas sofisticados e processos padronizados passa assegurar transpar\u00eancia e liquidez ao mercado.<\/p>\n","protected":false},"author":1,"featured_media":0,"parent":0,"menu_order":0,"comment_status":"closed","ping_status":"closed","template":"elementor_canvas","meta":{"_eb_attr":"","_uag_custom_page_level_css":"","two_page_speed":[],"_joinchat":[],"footnotes":""},"class_list":["post-2099","page","type-page","status-publish","hentry"],"uagb_featured_image_src":{"full":false,"thumbnail":false,"medium":false,"medium_large":false,"large":false,"1536x1536":false,"2048x2048":false,"trp-custom-language-flag":false,"htmega_size_585x295":false,"htmega_size_1170x536":false,"htmega_size_396x360":false,"mailpoet_newsletter_max":false,"tenweb_optimizer_mobile":false,"tenweb_optimizer_tablet":false},"uagb_author_info":{"display_name":"francisco.capita","author_link":"https:\/\/lucrumtrust.ao\/index.php\/author\/francisco-capita\/"},"uagb_comment_info":0,"uagb_excerpt":"Ac\u00e7\u00f5es O que s\u00e3o Ac\u00e7\u00f5es ? Essencialmente, uma Ac\u00e7\u00e3o n\u00e3o \u00e9 mais do que uma prova (negoci\u00e1vel) de que \u00e9 propriet\u00e1rio de uma parte de uma empresa. Onde comprar uma Ac\u00e7\u00e3o? Uma das principais vantagens de se tornar accionista de uma empresa \u00e9 poder se beneficiar de parte dos resultados que ela obtiver. Quando uma&hellip;","jetpack_sharing_enabled":true,"_links":{"self":[{"href":"https:\/\/lucrumtrust.ao\/index.php\/wp-json\/wp\/v2\/pages\/2099","targetHints":{"allow":["GET"]}}],"collection":[{"href":"https:\/\/lucrumtrust.ao\/index.php\/wp-json\/wp\/v2\/pages"}],"about":[{"href":"https:\/\/lucrumtrust.ao\/index.php\/wp-json\/wp\/v2\/types\/page"}],"author":[{"embeddable":true,"href":"https:\/\/lucrumtrust.ao\/index.php\/wp-json\/wp\/v2\/users\/1"}],"replies":[{"embeddable":true,"href":"https:\/\/lucrumtrust.ao\/index.php\/wp-json\/wp\/v2\/comments?post=2099"}],"version-history":[{"count":0,"href":"https:\/\/lucrumtrust.ao\/index.php\/wp-json\/wp\/v2\/pages\/2099\/revisions"}],"wp:attachment":[{"href":"https:\/\/lucrumtrust.ao\/index.php\/wp-json\/wp\/v2\/media?parent=2099"}],"curies":[{"name":"wp","href":"https:\/\/api.w.org\/{rel}","templated":true}]}}