{"id":1440,"date":"2023-04-26T22:57:28","date_gmt":"2023-04-26T22:57:28","guid":{"rendered":"https:\/\/lucrumtrust.ao\/?page_id=1440"},"modified":"2023-06-07T19:39:36","modified_gmt":"2023-06-07T19:39:36","slug":"fundos","status":"publish","type":"page","link":"https:\/\/lucrumtrust.ao\/index.php\/fundos\/","title":{"rendered":"Fundos"},"content":{"rendered":"\t\t<div data-elementor-type=\"wp-page\" data-elementor-id=\"1440\" class=\"elementor elementor-1440\" data-elementor-settings=\"{&quot;ha_cmc_init_switcher&quot;:&quot;no&quot;}\" data-elementor-post-type=\"page\">\n\t\t\t\t\t\t<section class=\"elementor-section elementor-top-section elementor-element elementor-element-590bcf6e elementor-section-height-min-height elementor-section-content-middle elementor-section-full_width elementor-section-height-default elementor-section-items-middle wpr-particle-no wpr-jarallax-no wpr-parallax-no wpr-sticky-section-no wpr-equal-height-no\" data-id=\"590bcf6e\" data-element_type=\"section\" data-e-type=\"section\" data-settings=\"{&quot;background_background&quot;:&quot;classic&quot;,&quot;_ha_eqh_enable&quot;:false}\">\n\t\t\t\t\t\t\t<div class=\"elementor-background-overlay\"><\/div>\n\t\t\t\t\t\t\t<div class=\"elementor-container elementor-column-gap-default\">\n\t\t\t\t\t<div class=\"elementor-column elementor-col-100 elementor-top-column elementor-element elementor-element-74b706a7\" data-id=\"74b706a7\" data-element_type=\"column\" data-e-type=\"column\">\n\t\t\t<div class=\"elementor-widget-wrap elementor-element-populated\">\n\t\t\t\t\t\t<div class=\"elementor-element elementor-element-e0286a8 wpr-fancy-text-rotate-1 wpr-advanced-text-style-animated wpr-animated-text-infinite-yes elementor-widget elementor-widget-wpr-advanced-text\" data-id=\"e0286a8\" data-element_type=\"widget\" data-e-type=\"widget\" data-settings=\"{&quot;anim_loop&quot;:&quot;yes&quot;}\" data-widget_type=\"wpr-advanced-text.default\">\n\t\t\t\t<div class=\"elementor-widget-container\">\n\t\t\t\t\t\n\t\t<h3 class=\"wpr-advanced-text\">\n\n\t\t\t\t\t\n\t\t\t\t\t\t\t<span class=\"wpr-advanced-text-preffix\">FUNDOS MOBILI\u00c1RIOS<\/span>\n\t\t\t\n\t\t<span class=\"wpr-anim-text wpr-anim-text-type-rotate-1\" data-anim-duration=\"1000,2000\" data-anim-loop=\"yes\">\n\t\t\t<span class=\"wpr-anim-text-inner\">\n\t\t\t\t\t\t\t<\/span>\n\t\t\t\t\t<\/span>\n\n\t\t\t\t\n\t\t<\/h3>\n\t\t\n\t\t\t\t\t\t<\/div>\n\t\t\t\t<\/div>\n\t\t\t\t\t<\/div>\n\t\t<\/div>\n\t\t\t\t\t<\/div>\n\t\t<\/section>\n\t\t\t\t<section class=\"elementor-section elementor-top-section elementor-element elementor-element-4517b74b elementor-reverse-tablet elementor-reverse-mobile elementor-section-boxed elementor-section-height-default elementor-section-height-default wpr-particle-no wpr-jarallax-no wpr-parallax-no wpr-sticky-section-no wpr-equal-height-no\" data-id=\"4517b74b\" data-element_type=\"section\" data-e-type=\"section\" data-settings=\"{&quot;background_background&quot;:&quot;classic&quot;,&quot;_ha_eqh_enable&quot;:false}\">\n\t\t\t\t\t\t\t<div class=\"elementor-background-overlay\"><\/div>\n\t\t\t\t\t\t\t<div class=\"elementor-container elementor-column-gap-default\">\n\t\t\t\t\t<div class=\"elementor-column elementor-col-100 elementor-top-column elementor-element elementor-element-7ed435ae\" data-id=\"7ed435ae\" data-element_type=\"column\" data-e-type=\"column\" data-settings=\"{&quot;background_background&quot;:&quot;classic&quot;}\">\n\t\t\t<div class=\"elementor-widget-wrap elementor-element-populated\">\n\t\t\t\t\t\t<div class=\"elementor-element elementor-element-76b95561 elementor-widget elementor-widget-text-editor\" data-id=\"76b95561\" data-element_type=\"widget\" data-e-type=\"widget\" data-widget_type=\"text-editor.default\">\n\t\t\t\t<div class=\"elementor-widget-container\">\n\t\t\t\t\t\t\t\t\t<p>Os Fundos de Investimento Mobili\u00e1rio caracterizam-se pelo facto do seu patrim\u00f3nio estar investido em valores mobili\u00e1rios (tais como ac\u00e7\u00f5es, obriga\u00e7\u00f5es, moeda, derivados, entre outros\u2026).<br \/>Os fundos de investimento mobili\u00e1rio dividem-se em duas esp\u00e9cies: os fundos abertos e os fundos fechados.<\/p><p>Os fundos abertos e os fundos fechados podem ainda ser divididos em tr\u00eas categorias: fundos de ac\u00e7\u00f5es, de obriga\u00e7\u00f5es ou mistos, neste \u00faltimo caso quando conjuguem de forma equilibrada caracter\u00edsticas dos dois primeiros.<\/p>\t\t\t\t\t\t\t\t<\/div>\n\t\t\t\t<\/div>\n\t\t\t\t<div class=\"elementor-element elementor-element-57152ac7 elementor-widget elementor-widget-heading\" data-id=\"57152ac7\" data-element_type=\"widget\" data-e-type=\"widget\" data-widget_type=\"heading.default\">\n\t\t\t\t<div class=\"elementor-widget-container\">\n\t\t\t\t\t<h5 class=\"elementor-heading-title elementor-size-default\">Fundos Abertos<\/h5>\t\t\t\t<\/div>\n\t\t\t\t<\/div>\n\t\t\t\t<div class=\"elementor-element elementor-element-10643032 elementor-widget elementor-widget-text-editor\" data-id=\"10643032\" data-element_type=\"widget\" data-e-type=\"widget\" data-widget_type=\"text-editor.default\">\n\t\t\t\t<div class=\"elementor-widget-container\">\n\t\t\t\t\t\t\t\t\t<p>Os fundos abertos, que na sua grande maioria correspondem ao modelo fixado pela diretiva comunit\u00e1ria que regula esta actividade e beneficiam de uma liberdade practicamente autom\u00e1tica e sem restri\u00e7\u00f5es em todo o espa\u00e7o comunit\u00e1rio, s\u00e3o comumente designados por fundos harmonizados.<br \/>Este tipo de fundos distingue-se dos fundos fechados, pelo facto de o n\u00famero de unidades de participa\u00e7\u00e3o ser vari\u00e1vel, dado que o investidor pode em qualquer momento realizar subscri\u00e7\u00f5es ou resgates.<\/p>\t\t\t\t\t\t\t\t<\/div>\n\t\t\t\t<\/div>\n\t\t\t\t<div class=\"elementor-element elementor-element-5777d545 elementor-widget elementor-widget-heading\" data-id=\"5777d545\" data-element_type=\"widget\" data-e-type=\"widget\" data-widget_type=\"heading.default\">\n\t\t\t\t<div class=\"elementor-widget-container\">\n\t\t\t\t\t<h5 class=\"elementor-heading-title elementor-size-default\">Fundos fechados<\/h5>\t\t\t\t<\/div>\n\t\t\t\t<\/div>\n\t\t\t\t<div class=\"elementor-element elementor-element-4aab3078 elementor-widget elementor-widget-text-editor\" data-id=\"4aab3078\" data-element_type=\"widget\" data-e-type=\"widget\" data-widget_type=\"text-editor.default\">\n\t\t\t\t<div class=\"elementor-widget-container\">\n\t\t\t\t\t\t\t\t\t<p>Nos fundos fechados o n\u00famero de unidades de participa\u00e7\u00e3o \u00e9 fixo, sendo as mesmas reembolsadas apenas no momento da liquida\u00e7\u00e3o do fundo. Os fundos fechados que se encontram em actividade est\u00e3o na sua maioria cotados em bolsa, pelo que as compras e vendas das respectivas unidades de participa\u00e7\u00e3o, poder\u00e3o ser efectuadas naquele mercado.<\/p>\t\t\t\t\t\t\t\t<\/div>\n\t\t\t\t<\/div>\n\t\t\t\t<div class=\"elementor-element elementor-element-0723c42 elementor-widget elementor-widget-heading\" data-id=\"0723c42\" data-element_type=\"widget\" data-e-type=\"widget\" data-widget_type=\"heading.default\">\n\t\t\t\t<div class=\"elementor-widget-container\">\n\t\t\t\t\t<h5 class=\"elementor-heading-title elementor-size-default\">Unidades de Participa\u00e7\u00e3o<\/h5>\t\t\t\t<\/div>\n\t\t\t\t<\/div>\n\t\t\t\t<div class=\"elementor-element elementor-element-bf02771 elementor-widget elementor-widget-text-editor\" data-id=\"bf02771\" data-element_type=\"widget\" data-e-type=\"widget\" data-widget_type=\"text-editor.default\">\n\t\t\t\t<div class=\"elementor-widget-container\">\n\t\t\t\t\t\t\t\t\t<p>Unidade de participa\u00e7\u00e3o (UP) corresponde \u00e0 \u201cparcela\u201d m\u00ednima de um fundo de investimento. O seu valor corresponde \u00e0 divis\u00e3o do montante total dos ativos do fundo (a\u00e7\u00f5es, obriga\u00e7\u00f5es, dep\u00f3sitos, etc.) pelo n\u00famero de unidades de participa\u00e7\u00e3o em circula\u00e7\u00e3o<\/p>\t\t\t\t\t\t\t\t<\/div>\n\t\t\t\t<\/div>\n\t\t\t\t<div class=\"elementor-element elementor-element-7278b245 elementor-widget elementor-widget-spacer\" data-id=\"7278b245\" data-element_type=\"widget\" data-e-type=\"widget\" data-widget_type=\"spacer.default\">\n\t\t\t\t<div class=\"elementor-widget-container\">\n\t\t\t\t\t\t\t<div class=\"elementor-spacer\">\n\t\t\t<div class=\"elementor-spacer-inner\"><\/div>\n\t\t<\/div>\n\t\t\t\t\t\t<\/div>\n\t\t\t\t<\/div>\n\t\t\t\t<div class=\"elementor-element elementor-element-4ec0ab98 elementor-widget elementor-widget-spacer\" data-id=\"4ec0ab98\" data-element_type=\"widget\" data-e-type=\"widget\" data-widget_type=\"spacer.default\">\n\t\t\t\t<div class=\"elementor-widget-container\">\n\t\t\t\t\t\t\t<div class=\"elementor-spacer\">\n\t\t\t<div class=\"elementor-spacer-inner\"><\/div>\n\t\t<\/div>\n\t\t\t\t\t\t<\/div>\n\t\t\t\t<\/div>\n\t\t\t\t\t<\/div>\n\t\t<\/div>\n\t\t\t\t\t<\/div>\n\t\t<\/section>\n\t\t\t\t<\/div>\n\t\t","protected":false},"excerpt":{"rendered":"<p>FUNDOS MOBILI\u00c1RIOS Os Fundos de Investimento Mobili\u00e1rio caracterizam-se pelo facto do seu patrim\u00f3nio estar investido em valores mobili\u00e1rios (tais como ac\u00e7\u00f5es, obriga\u00e7\u00f5es, moeda, derivados, entre outros\u2026).Os fundos de investimento mobili\u00e1rio dividem-se em duas esp\u00e9cies: os fundos abertos e os fundos fechados. Os fundos abertos e os fundos fechados podem ainda ser divididos em tr\u00eas categorias: fundos de ac\u00e7\u00f5es, de obriga\u00e7\u00f5es ou mistos, neste \u00faltimo caso quando conjuguem de forma equilibrada caracter\u00edsticas dos dois primeiros. Fundos Abertos Os fundos abertos, que na sua grande maioria correspondem ao modelo fixado pela diretiva comunit\u00e1ria que regula esta actividade e beneficiam de uma liberdade practicamente autom\u00e1tica e sem restri\u00e7\u00f5es em todo o espa\u00e7o comunit\u00e1rio, s\u00e3o comumente designados por fundos harmonizados.Este tipo de fundos distingue-se dos fundos fechados, pelo facto de o n\u00famero de unidades de participa\u00e7\u00e3o ser vari\u00e1vel, dado que o investidor pode em qualquer momento realizar subscri\u00e7\u00f5es ou resgates. Fundos fechados Nos fundos fechados o n\u00famero de unidades de participa\u00e7\u00e3o \u00e9 fixo, sendo as mesmas reembolsadas apenas no momento da liquida\u00e7\u00e3o do fundo. Os fundos fechados que se encontram em actividade est\u00e3o na sua maioria cotados em bolsa, pelo que as compras e vendas das respectivas unidades de participa\u00e7\u00e3o, poder\u00e3o ser efectuadas naquele mercado. Unidades de Participa\u00e7\u00e3o Unidade de participa\u00e7\u00e3o (UP) corresponde \u00e0 \u201cparcela\u201d m\u00ednima de um fundo de investimento. O seu valor corresponde \u00e0 divis\u00e3o do montante total dos ativos do fundo (a\u00e7\u00f5es, obriga\u00e7\u00f5es, dep\u00f3sitos, etc.) pelo n\u00famero de unidades de participa\u00e7\u00e3o em circula\u00e7\u00e3o<\/p>\n","protected":false},"author":1,"featured_media":0,"parent":0,"menu_order":0,"comment_status":"closed","ping_status":"closed","template":"","meta":{"_eb_attr":"","_uag_custom_page_level_css":"","two_page_speed":[],"_joinchat":[],"footnotes":""},"class_list":["post-1440","page","type-page","status-publish","hentry"],"uagb_featured_image_src":{"full":false,"thumbnail":false,"medium":false,"medium_large":false,"large":false,"1536x1536":false,"2048x2048":false,"trp-custom-language-flag":false,"htmega_size_585x295":false,"htmega_size_1170x536":false,"htmega_size_396x360":false,"mailpoet_newsletter_max":false,"tenweb_optimizer_mobile":false,"tenweb_optimizer_tablet":false},"uagb_author_info":{"display_name":"francisco.capita","author_link":"https:\/\/lucrumtrust.ao\/index.php\/author\/francisco-capita\/"},"uagb_comment_info":0,"uagb_excerpt":"FUNDOS MOBILI\u00c1RIOS Os Fundos de Investimento Mobili\u00e1rio caracterizam-se pelo facto do seu patrim\u00f3nio estar investido em valores mobili\u00e1rios (tais como ac\u00e7\u00f5es, obriga\u00e7\u00f5es, moeda, derivados, entre outros\u2026).Os fundos de investimento mobili\u00e1rio dividem-se em duas esp\u00e9cies: os fundos abertos e os fundos fechados. Os fundos abertos e os fundos fechados podem ainda ser divididos em tr\u00eas categorias:&hellip;","jetpack_sharing_enabled":true,"_links":{"self":[{"href":"https:\/\/lucrumtrust.ao\/index.php\/wp-json\/wp\/v2\/pages\/1440","targetHints":{"allow":["GET"]}}],"collection":[{"href":"https:\/\/lucrumtrust.ao\/index.php\/wp-json\/wp\/v2\/pages"}],"about":[{"href":"https:\/\/lucrumtrust.ao\/index.php\/wp-json\/wp\/v2\/types\/page"}],"author":[{"embeddable":true,"href":"https:\/\/lucrumtrust.ao\/index.php\/wp-json\/wp\/v2\/users\/1"}],"replies":[{"embeddable":true,"href":"https:\/\/lucrumtrust.ao\/index.php\/wp-json\/wp\/v2\/comments?post=1440"}],"version-history":[{"count":0,"href":"https:\/\/lucrumtrust.ao\/index.php\/wp-json\/wp\/v2\/pages\/1440\/revisions"}],"wp:attachment":[{"href":"https:\/\/lucrumtrust.ao\/index.php\/wp-json\/wp\/v2\/media?parent=1440"}],"curies":[{"name":"wp","href":"https:\/\/api.w.org\/{rel}","templated":true}]}}